 List the prime factors of m.
2, 5
Suppose 3*d = 2*c - 835, -c + 131 + 288 = -3*d. What are the prime factors of c?
2, 13
Let x(i) = 7*i**3 - 13*i**2 - 8*i - 34. List the prime factors of x(9).
2, 17, 29
Let c = -14 + 18. Suppose 0*o = -c*o + 484. List the prime factors of o.
11
Suppose -5*r + 5*z - 405 = 0, 3*r + z + 4*z + 275 = 0. Let k(x) = -2*x**2 + 10*x - 8. Let f be k(6). Let i = f - r. What are the prime factors of i?
5, 13
Suppose o - 5*j = 330, -2*o + 3*j = -407 - 218. Suppose 5*i - o = -5*n, 5*n + 7*i - 311 = 4*i. List the prime factors of n.
2
Let v = -14 + 19. Let m be 18/2*(-10 + v). What are the prime factors of (-2)/15 + (-1716)/m?
2, 19
Suppose 0 = 4*i - 7*i + 333. Let t = -39 + i. What are the prime factors of t?
2, 3
Suppose 2*s + 5*z = -s + 125, -2*s - z + 95 = 0. Suppose -l + s + 84 = -5*x, 2*l - 240 = 3*x. List the prime factors of l.
2, 3, 19
Let u = 687 + -367. List the prime factors of u.
2, 5
Let w be (3/6 - 1)*-1*2. Suppose 4*a = a + 54. Let d = a - w. List the prime factors of d.
17
Let t(q) = -q**2 - 4*q + 6. Let p be t(-5). Suppose 0 = v + p - 4. What are the prime factors of v?
3
Let p(o) = -2*o**2 + 18*o - 13. Let s be p(8). List the prime factors of ((-65)/(-20))/(-2*s/(-312)).
13
Let i be (-1 + 6 + -8)*10/(-6). Suppose 5*h - 785 = -i*y, 2*h + y - 131 = 187. List the prime factors of h.
7, 23
Suppose -5*t = 3*w - 1198, -w - 11*t + 9*t + 398 = 0. What are the prime factors of w?
2, 7, 29
Suppose -342 = -0*z - 6*z. What are the prime factors of z?
3, 19
Let d(t) = 2*t - 41. Let a be d(23). Suppose 4*s - 74 - 26 = -a*m, 2*s + 130 = 5*m. List the prime factors of m.
2, 3
Let s = -46 + 133. List the prime factors of ((-140)/(-30))/(2/s).
7, 29
Let c(q) = -1 + q**3 - 5 + 11*q - 2 - 11*q**2. Suppose -l + 30 = -4*u, 3*l + 6*u - 50 = 10*u. List the prime factors of c(l).
2
Let c be 1/(-2)*-2*-37. Let q(f) = f**2 - 18*f - 6. Let h be q(21). Let j = h + c. List the prime factors of j.
2, 5
Suppose -4*j - 11*l = -10*l - 467, -2*l + 586 = 5*j. Suppose 0 = -p + 80 + j. What are the prime factors of p?
2, 7
Let z(u) = 2*u**3 - 2*u + 2. Let j be z(2). What are the prime factors of j + (-2 - (-11 + 5))?
2, 3
Let f(b) = -b - 13*b - b**3 - 9*b - 15 + 41 + 14*b**2. What are the prime factors of f(11)?
2, 17
Let x be 2*22*(-1)/(-4). Let p = -7 + -1. Let g = x - p. List the prime factors of g.
19
Suppose 3*i = 4*c - 20 - 36, -17 = i - c. Let y = i + 12. Suppose -3*h + 48 = 4*p - 60, y = -4*h - 16. What are the prime factors of p?
2, 3, 5
Suppose 0 = -2*r - c - 37, -8*c = r - 4*c + 8. Let g = -4 - r. Let o(f) = 2*f + 18. List the prime factors of o(g).
2, 5
Let h = 7003 + -4679. List the prime factors of h.
2, 7, 83
Let h(a) = a + 8. Let g be h(-10). Let i be (-448)/(-6) + g/(-6). Suppose b = -2*b - 2*m + i, -5*m - 69 = -2*b. What are the prime factors of b?
3
Let i = 132 + -132. Suppose i = 2*p - 51 + 7. List the prime factors of p.
2, 11
Let o(v) = -6*v - v**3 - v**2 - 4 - 5*v**2 + 6*v**2 + 8*v**2. Let y be (-12)/(24/4) - -3*3. What are the prime factors of o(y)?
3
Let q be (-44)/36 - (16/(-18))/4. What are the prime factors of ((-9)/12 + 324/(-16))/q?
3, 7
Suppose -l + 5*w - 9 - 3 = 0, -4*w = -l - 12. List the prime factors of ((-51)/18 - (-2)/l) + 31.
2, 7
Let c(y) = 3*y**3 - 40*y**2 + 29*y - 43. Let b(i) = -4*i**3 + 60*i**2 - 44*i + 65. Let g(s) = -5*b(s) - 7*c(s). What are the prime factors of g(-21)?
2, 3, 5
What are the prime factors of 11/(-55) - 5/((-50)/13662)?
2, 683
Let z be 26/((1 - 6) + 3). Let x = -14 - z. List the prime factors of ((-1)/x)/((-3)/(-9)).
3
Suppose 7*f + 549 = 10*f. List the prime factors of f.
3, 61
List the prime factors of (107 - -1145)/(1 + 1/1).
2, 313
Let k = 2080 + -1015. What are the prime factors of k?
3, 5, 71
Let x(m) = -140*m + 39. List the prime factors of x(-7).
1019
Let v(w) = -w**2 + 20*w - 19. Let y be v(19). Suppose -3*g - 309 - 165 = y. Let u = -99 - g. What are the prime factors of u?
59
Let a = -697 + 2612. What are the prime factors of a?
5, 383
Let s be (-9)/(-18) + 306/(-4). Suppose 0 = -10*i + 8*i - 42. Let l = i - s. List the prime factors of l.
5, 11
Suppose -5*w - 2 = 13. Let f be (-7 - -1)*17/w. Suppose -5*h + f + 16 = 0. List the prime factors of h.
2, 5
Let r(d) = 1031*d + 201. List the prime factors of r(3).
2, 3, 61
Suppose -4*z - 3 = 3*b, -3*z = b - 5*b + 21. List the prime factors of 630/12 - z/(-2).
3, 17
Let x(u) = -14*u + 9. Let g be x(-3). Let i = 70 - g. List the prime factors of i.
19
Suppose -62 + 162 = 2*q. Let i = 59 - q. What are the prime factors of i?
3
Let o = -4 - -9. Let w(k) = -o - 4 + 4*k**2 - 4*k**2 + k**2. What are the prime factors of w(-6)?
3
Let o(w) = -2*w - 2. Let x be o(8). Let c(v) = 5*v**2 + 2*v. Let d be c(2). Let b = x + d. What are the prime factors of b?
2, 3
Suppose c - 1 = -u, -u + 2*u + 4*c = -2. Let z(x) = 13*x - 5. Let w be z(u). Suppose -w = -3*k + 66. List the prime factors of k.
29
Let i(j) = j + 16*j**2 + 0*j - 5 + 13*j**2 + 4*j**2. List the prime factors of i(2).
3, 43
Let u(j) be the second derivative of j**4/6 + j**3/2 + 3*j**2 + j. Let h be u(-6). Let r = h + -39. List the prime factors of r.
3, 7
Let f = 1883 - 1048. List the prime factors of f.
5, 167
Let w be -1 - -8 - (0 + (8 - 5)). Suppose 206 = 3*j - n, w*j - 5*j = -2*n - 72. What are the prime factors of j?
2, 17
Let h(u) = -5*u + 1. Let j be h(1). Let m be (4 - (-3)/1) + j. Let v = 12 - m. List the prime factors of v.
3
Let z(c) = 30*c**3 + 5*c**2 - 9*c + 3. List the prime factors of z(3).
3, 277
List the prime factors of (-2)/(-3) - 358512/(-126).
2, 1423
Suppose 0 = 13*w - 3855 - 10224. List the prime factors of w.
3, 19
Suppose 5*t + 15 = 4*n, -n - 12 = 4*n + 4*t. Let q(m) = m + 77. List the prime factors of q(n).
7, 11
Suppose u = c - 2*u - 15, -15 = 5*u. Suppose y - c = 5. Suppose f = y - 3. List the prime factors of f.
2
Let m be 10/(-50) + (-38)/10. What are the prime factors of 30 - (-1)/(m/8)?
2, 7
Let k = 47 + -45. Suppose -5*y + 190 = c, -7*c + 2*y = -k*c - 815. What are the prime factors of c?
3, 5, 11
Let n(a) = 4*a**2 - 32*a - 18. What are the prime factors of n(17)?
2, 3, 11
Suppose v - 15 + 3 = 4*t, 5*v = -2*t + 16. Suppose v*h + 0*h = 8. Let s(l) = 4*l - 3. List the prime factors of s(h).
5
Let w(h) = h**2 - 4*h - 7. Let p be w(5). Let n be 1/p*(1 - 11). Suppose -l - 208 = -n*q - 4*l, -3*q - 3*l = -126. What are the prime factors of q?
41
Suppose 3*p = 4*p - 3. Let i = p - 12. What are the prime factors of i*(1 - (0 + 4))?
3
Suppose -4*y = -y - 12. Let x(h) = -13*h**2 - 4*h + 9. Let q be x(y). What are the prime factors of (q/(-15))/(2/6)?
43
Let f be (0/(-1))/(3 - 1). Let p(o) = -2*o**2. Let s be p(f). Suppose -4*k + s*n = n - 33, 4*n = -5*k + 55. List the prime factors of k.
7
Suppose -1036 - 3116 = -6*g. List the prime factors of g.
2, 173
Suppose 401 = j + 99. List the prime factors of j.
2, 151
Let x(g) = -g**2 + 6*g - 3. Let q be x(5). Let a be (-24)/((-3 - 0) + q). Suppose 11*c - 13*c = -a. What are the prime factors of c?
2, 3
Suppose 5*j + 5*o = 8080, -3*j + 2*o = -j - 3236. List the prime factors of j.
3, 7, 11
Suppose -18*r + 8001 = -1935. What are the prime factors of r?
2, 3, 23
What are the prime factors of (-51585)/(-135) - 1/9?
2, 191
Let u(b) = 30*b + 2. Let l be u(3). Suppose 5*y - 1 = 9, -18 = -4*f + y. Suppose -l - 13 = -f*w. List the prime factors of w.
3, 7
Suppose -5*n = -0*n - 1565. List the prime factors of n.
313
Suppose -4*c + 5*f = c - 25, -3*f - 25 = -4*c. Let t be 9/(1 - c/4). Let l(m) = m**2 + 6*m + 3. What are the prime factors of l(t)?
3
Let x(r) = r**2 + 10*r - 19. Let g be (-3 + 57/6)*-2. Let s be x(g). Suppose 0 = -3*u + 4*n + 182, -3*u + 5*n + s + 158 = 0. List the prime factors of u.
2, 3, 11
Let t(j) = -327*j - 37. List the prime factors of t(-3).
2, 59
Let q be (-2)/7 - 5340/(-70). Let c = 93 - q. List the prime factors of c.
17
Let v = 2589 - 1724. What are the prime factors of v?
5, 173
Let d be 1 - 3 - (8 + -1 + -11). Suppose d*t - 15 = -t. What are the prime factors of t?
5
Let h(t) = 3*t**2 - 3*t + 4. Let v = -26 - -21. Let l be h(v). Let i = 133 - l. What are the prime factors of i?
3, 13
What are the prime factors of 1*(2 - -2)*-1 - -539?
5, 107
Let v(m) = 7*m**3 + 2*m**2 + 5*m - 4. Let d be v(3). Let